- 5*s - 6 - 9. Let l be h/(1 - 4/6). What is v(l)?
9
Let f(c) be the first derivative of c**3/3 + 5*c**2/2 - 2*c - 14. Determine f(-5).
-2
Let g(j) = j**3 + 5*j**2 - 7*j - 4. Let o be g(-6). Let i(l) = 4*l**2 - 3*l + 3. Let y(b) = 7*b**2 - 5*b + 5. Let v(r) = -11*i(r) + 6*y(r). What is v(o)?
-5
Let z(n) = 4*n**3. Let i(r) = r**3 + 2*r**2 + 1. Suppose 2*m - 5*j - 15 = -4, -5*j = 15. Let w be i(m). Give z(w).
4
Let g(k) = 0*k**2 + 6*k**3 - 3*k**3 - 4*k**2 - 4*k**3 + 2*k + 3. What is g(-4)?
-5
Let k(w) be the second derivative of w**4/4 - w**3/3 + w**2/2 - 2*w. Let x be k(1). Let h(z) = -3 - 4*z**2 + 0*z**x + 3*z**2 + 2*z. Calculate h(2).
-3
Let x = 15 - 6. Suppose 2*z - x = -z. Let f(g) = -g - 5*g + 0*g**3 + 4*g - 2*g**2 + g**3. Calculate f(z).
3
Let y(j) = 2*j**3 + j**2 - j - 1. Let i(c) = -c**2 - 8*c - 8. Let z be i(-7). What is y(z)?
-1
Let h(s) be the third derivative of -s**6/120 + s**5/15 + s**3/6 + 2*s**2. Let l = -5 - -5. Suppose -3*k = 4*a - l*a - 28, 3*k - a - 8 = 0. Calculate h(k).
1
Let x(h) = -h**2 - 5*h - 2. Let z = -3 - -8. Suppose 3*r - 12 = -4*i + 6*i, -i = z*r - 7. Calculate x(i).
4
Let j = -15 + 10. Let k = j + 5. Let d = -5 - k. Let s(w) = w**3 + 5*w**2 - 2*w - 6. Calculate s(d).
4
Let c(u) be the second derivative of -u**3/6 + 2*u**2 + 8*u. Give c(-4).
8
Let r = 23 - 25. Let a(h) = -2*h**3 - 4*h**2 - 4*h - 3. What is a(r)?
5
Let b(z) = 7*z**3 + z**2. Let v = -10 + 7. Let l be ((-2)/(-3))/((-2)/v). Let g(f) = 2*f**2 - f. Let c be g(l). Calculate b(c).
8
Let g(s) = -9*s**3 - 7*s**2 - 5*s + 7. Let n(b) = 4*b**3 + 4*b**2 + 3*b - 4. Let v(m) = 3*g(m) + 5*n(m). Let z = -33 + 39. Suppose -2*d + z = 4. What is v(d)?
-7
Let g(d) = d - 7. Let j(q) = -q**3 + 9*q**2 + 11*q - 5. Let l be j(10). Determine g(l).
-2
Let i be -1 - 1 - (-3)/1. Let v be -1 + i*(-3 - -1). Let m(o) = -5*o + 4*o + 1 - o. What is m(v)?
7
Let w(h) = -4*h - 4. Let d(m) = -3*m - 3. Let k(f) = -3*d(f) + 2*w(f). Suppose -4*r = -3*y - 6*r + 24, 0 = -5*y - 4*r + 42. What is k(y)?
7
Suppose p = 2 - 1, -q + 5 = p. Let z(a) = -2*a - 3. Let d(h) = 4*h + 6. Let o(j) = 6*d(j) + 11*z(j). What is o(q)?
11
Let a(p) = -p + 1. Suppose 0 = -2*j + 4*j + 10. Let k(z) = z**2 + 4*z - 5. Let s be k(j). Let y = -1 + s. What is a(y)?
2
Let y(r) be the first derivative of -2*r**4 + 2*r**3/3 + r**2 + r + 14. Give y(-1).
9
Let y(z) be the second derivative of -z**4/12 - z**3 + z**2/2 - 7*z. What is y(-5)?
6
Let j(s) = s**2 - 2*s + 1. Suppose z + 4*y = 21, 4*z + 5*y - 3*y - 28 = 0. Suppose -t - z*f + 23 = -0*f, -7 = -5*t + 2*f. Suppose t*x + x = 8. What is j(x)?
1
Suppose 2*w - 21*w = -0*w. Let c(h) = -h**2 + h - 4. Determine c(w).
-4
Let j(b) be the third derivative of b**4/24 + b**3/6 - 93*b**2. Suppose 0 = -3*v + 3*f, 2*f - 1 = -v + 2*v. What is j(v)?
2
Let m(b) = 3*b - 1. Suppose -2*i + 3 - 1 = 0. Determine m(i).
2
Let u(b) be the third derivative of 1/6*b**3 + 8*b**2 + 0*b + 1/120*b**6 + 1/30*b**5 + 1/24*b**4 + 0. Determine u(-2).
-1
Let m(k) = 30*k**3 + 35*k. Let y(g) = 5*g**3 + 6*g. Let z(a) = 6*m(a) - 35*y(a). Let p be 4/(-14) + (-1 - (-48)/21). What is z(p)?
5
Let r(o) = o + 7. Let x be r(-6). Let a(j) = -3 + j + x + 0. Suppose -2*t = 3*t. Give a(t).
-2
Let k(h) be the second derivative of -h**5/20 - h**4/12 - h**3/3 - h**2/2 + 2*h. Let u be k(-1). Let c(z) = 2*z**3 - 2*z**2 + z. What is c(u)?
1
Let f(i) = 2*i - 1. Suppose 6*q - 24 = 3*q. Suppose j = q - 3. Suppose -3*s = 9, 0*o + j*s = 3*o - 21. Calculate f(o).
3
Let u(g) = 6*g - 2. Suppose 2*l - 16 = 4*i, 0 = 5*l - 3*i - 17 - 2. Give u(l).
10
Let o(u) be the first derivative of -7*u**2/2 - u + 2. What is o(1)?
-8
Let p = 0 - 2. Let k(a) be the second derivative of a**2 + 2*a + 1/12*a**4 + 1/20*a**5 + 0 + 1/2*a**3. Give k(p).
-8
Let d(b) = -b**3 + 9*b**2 - b + 4. Let j be d(9). Let k(f) = 7*f**2 + 17*f - 1. Let y(i) = 10*i**2 + 25*i - 2. Let v(g) = 7*k(g) - 5*y(g). What is v(j)?
8
Let b = -5 - -10. Let v(y) = -4*y + 1. Let l(a) = -22*a - 3. Let u(j) = 11*j + 2. Let w(g) = 4*l(g) + 7*u(g). Let d(i) = 17*v(i) - 6*w(i). Give d(b).
-5
Let j = 10 + -6. Suppose 5*x - 1 = j. Let r(w) be the first derivative of -7*w**3/3 + w**2/2 - 1. Calculate r(x).
-6
Suppose 3*i = -0 - 12. Let b(l) be the first derivative of l**4/4 + 5*l**3/3 + l**2 - l - 99. Calculate b(i).
7
Let k(j) = 2*j**2 + j + 1. Let f(a) = -a**3 - 4*a**2 + 5*a + 5. Let t be f(-5). Suppose -15 = t*m - 4*y + 2, -15 = -5*y. Calculate k(m).
2
Let r(l) be the first derivative of -5*l**4/4 - 2. Let p be 2/4 - (-1)/2. What is r(p)?
-5
Let n be (1/(-2))/((-3)/(-24)). Let z(j) = -27*j - 2 + 5*j**2 - 3*j**3 + 4*j**3 + 29*j. Give z(n).
6
Let c be 1/(1/4) + 0. Let p = -11 - -12. Let h(k) = -5*k + 5 + p + k + k. Give h(c).
-6
Let v(b) be the second derivative of -4*b**3/3 + b**2/2 + 29*b. Give v(-1).
9
Let y(j) = 2*j + 2. Suppose 0 = -11*o + 7*o - 20. Calculate y(o).
-8
Let o(m) be the first derivative of 2*m**2 + 3*m + 2. Suppose -x = 3 - 0. Give o(x).
-9
Let i(o) = o + 2. Let w be i(0). Suppose -z + 16 = -2*q - 3*q, 3*z + 3 = -w*q. Let y be (-3 + 4)/(z/(-5)). Let s(f) = -f - 1. Give s(y).
4
Let q(y) = 2*y - 7. Suppose -3*w + 8*w = 3*p - 45, -4*p = 3*w - 2. Let v(r) = r - 4. Let g(z) = w*q(z) + 10*v(z). Determine g(4).
-6
Let a be 8/3 + (-2)/3. Let i(j) = -a*j + 0 - 7 + 5. Let d be i(-4). Let o(h) = -2*h + 7. Determine o(d).
-5
Let j(r) = r + 1. Let o(m) = -m. Let u(h) = -10*h - 9. Let w(l) = -6*o(l) + u(l). Let s(q) = 3*j(q) + w(q). What is s(0)?
-6
Let z be (-2 - -4) + (-2)/(-1). Suppose 2*x = -x + 12. Suppose -4*j + 4*q = -36, 0 = -x*j - 4*q - z. Let m(w) = -w + 3. Give m(j).
-1
Suppose -o - 24 = b - 6*o, -3*b - 4*o = -23. Let v(x) = 7*x**2 - x. Give v(b).
6
Let z(h) = 5 - 15 + 3*h**2 + 0*h**2 - 3*h + 11. Give z(2).
7
Let b(p) = p - 4. Let q = -3 + 3. Give b(q).
-4
Let q(v) = v - 6. Let m = 3 - -1. What is q(m)?
-2
Let b(z) = 5*z**2 - 4*z - 1. Let j(a) = 3*a**2 - 6*a**2 + 4*a**2. Let d(p) = b(p) - 6*j(p). What is d(-4)?
-1
Let m(w) = w + 2. Suppose 3*x = 2*b - 22, b + 2*b = -3*x + 3. Let j = -4 + b. Let d be (j - 0)*0 + -2. Give m(d).
0
Let g(j) = -2*j**2 - 6*j**2 + j + 2*j**2 - 6 + 7. Give g(-1).
-6
Suppose -3*q - 5*b = -0*b - 16, -2*q - 5*b = -9. Let f be 9*2/(q + -1). Let u(r) = r + 9 - r**2 + r**3 - 5*r**f + 5*r**3. Calculate u(0).
9
Suppose 3*k - 27 = 4*l, 4*l - 3*k = 2*l - 21. Let d be 3 + (l - -3)/3. Let r(b) = -3*b + 2. Calculate r(d).
-7
Let c(l) be the first derivative of -l**4/12 - l**3 - 3*l**2/2 - l + 1. Let o(r) be the first derivative of c(r). Suppose 14*k = 9*k - 25. Give o(k).
2
Let t(z) = 5*z**2 - 1. Let i(h) = -6*h**2 + 1. Let v(f) = 4*i(f) + 5*t(f). Let w(s) = -2*s**2 + 8. Let d = -5 + 4. Let l(r) = d*w(r) - 3*v(r). What is l(0)?
-5
Let r(f) be the second derivative of 3/2*f**2 - 3*f + 0 + 5/6*f**3. What is r(-2)?
-7
Let h(i) be the first derivative of i**6/120 - i**5/60 - i**4/6 + i**3/2 - 2*i**2 - 5. Let q(b) be the second derivative of h(b). What is q(3)?
9
Let n(f) = f - f**3 - 1 + 3 - f**2 - 1. Suppose 2*d = 3*j, 4*j + 4*d = -j. Calculate n(j).
1
Let l be ((-6)/(-15))/(3/30). Let u(v) = -v**3 - 1 + 0 - 2 - 4*v**2 - l*v + 0. What is u(-2)?
-3
Let y(n) = 6*n**2 - 3*n**3 + 0 - 2*n - 1 + 2*n**3 + 3*n. Calculate y(6).
5
Let l(m) be the third derivative of -m**6/120 - 3*m**5/20 - m**4/24 - m**3/2 - 25*m**2. What is l(-9)?
6
Let c(a) = a**2 + 5*a + 6. Let r be c(-4). Suppose 0 = 4*b - b - 9. Suppose -r*t = b*t + 25. Let u(w) = -w**2 - 5*w + 1. Give u(t).
1
Let k(u) be the second derivative of u**5/20 + u**4/6 - u**3/6 + 7*u. Determine k(-3).
-6
Let u(n) = -3*n**2 + 3. Let x(o) = 2*o**2 - o - 4. Let w(h) = -3*u(h) - 2*x(h). Determine w(-2).
15
Let v(a) = -a**2 + a + 2. Suppose 3*l - 4*l + 2 = -2*n, -10 = 5*l. Let s(m) be the first derivative of m**3/3 + m**2 + 2*m + 1. Let p be s(n). What is v(p)?
0
Let f(j) = -5*j**2 + 9*j - 4. Let r(u) = -4*u**2 + 2 + 5*u**2 - 2*u + 2 - 3. Let g(i) = -2*f(i) - 9*r(i). What is g(1)?
0
Suppose -w + 3*h - 15 = 0, 5*h = -0*w + 5*w + 25. Let q(n) = -3*n + w*n**2 - 5 + n**2 - 2*n. Calculate q(6).
1
Let w = 20 + -17. Suppose v + 2 = -4*d + 1, -4*v = -d - 13. Let o(s) = -4 + v*s + 0 + w*s**2 - s**3 - 1. What is o(4)?
-9
Suppose 3*c + 5*d = 40, 3*c - 10 = -0*c + d. Let x(h) = -h**3 + 4*h**2 + 7*h - 5. Calculate x(c).
5
Let l = 9 - 6. Let g(r